{"id":533,"date":"2024-03-08T16:33:27","date_gmt":"2024-03-08T15:33:27","guid":{"rendered":"https:\/\/novotel-bern-expo.accorv2prod.decms.eu\/die-zimmer\/"},"modified":"2025-10-16T15:52:49","modified_gmt":"2025-10-16T13:52:49","slug":"chambre","status":"publish","type":"page","link":"https:\/\/www.novotelbernexpo.ch\/fr\/chambre\/","title":{"rendered":"Chambre"},"content":{"rendered":"<p style=\"text-align: center\">Notre gamme vari\u00e9e de cat\u00e9gories de chambres r\u00e9pond aux besoins de chaque client.<\/p>\n<p style=\"text-align: center\">Vous pr\u00e9voyez une visite en groupe ou souhaitez organiser un \u00e9v\u00e9nement chez nous ?<br data-start=\"255\" data-end=\"258\" \/>Gr\u00e2ce au lien ci-dessous, vous pouvez facilement faire votre demande de r\u00e9servation en ligne \u2013 nous nous occupons du reste :<\/p>\n<p style=\"text-align: center\"><a href=\"https:\/\/bern-expo.backyou.app\/fr\/c\/request\/novotel-bern-expo\">formulaire de r\u00e9servation<\/a><\/p>\n","protected":false},"excerpt":{"rendered":"<p>Notre gamme vari\u00e9e de cat\u00e9gories de chambres r\u00e9pond aux besoins de chaque client. Vous pr\u00e9voyez une visite en groupe ou souhaitez organiser un \u00e9v\u00e9nement chez nous ?Gr\u00e2ce au lien ci-dessous, vous pouvez facilement faire votre demande de r\u00e9servation en ligne \u2013 nous nous occupons du reste : formulaire de r\u00e9servation<\/p>\n","protected":false},"author":118,"featured_media":0,"parent":0,"menu_order":10,"comment_status":"closed","ping_status":"closed","template":"template-rooms.php","meta":{"footnotes":""},"categories":[],"class_list":["post-533","page","type-page","status-publish","hentry"],"acf":[],"yoast_head":"<!-- This site is optimized with the Yoast SEO plugin v26.9 - https:\/\/yoast.com\/product\/yoast-seo-wordpress\/ -->\n<title>Chambre - Novotel Bern Expo<\/title>\n<meta name=\"description\" content=\"Chambres modernes et spacieuses, modulables selon vos besoins. Confort id\u00e9al pour s\u00e9jour affaires ou famille \u00e0 Bern.\" \/>\n<meta name=\"robots\" content=\"index, follow, max-snippet:-1, max-image-preview:large, max-video-preview:-1\" \/>\n<link rel=\"canonical\" href=\"https:\/\/www.novotelbernexpo.ch\/fr\/chambre\/\" \/>\n<meta property=\"og:locale\" content=\"fr_FR\" \/>\n<meta property=\"og:type\" content=\"article\" \/>\n<meta property=\"og:title\" content=\"Chambre - Novotel Bern Expo\" \/>\n<meta property=\"og:description\" content=\"Chambres modernes et spacieuses, modulables selon vos besoins. Confort id\u00e9al pour s\u00e9jour affaires ou famille \u00e0 Bern.\" \/>\n<meta property=\"og:url\" content=\"https:\/\/www.novotelbernexpo.ch\/fr\/chambre\/\" \/>\n<meta property=\"og:site_name\" content=\"Novotel Bern Expo\" \/>\n<meta property=\"article:publisher\" content=\"https:\/\/www.facebook.com\/novotelbern\/\" \/>\n<meta property=\"article:modified_time\" content=\"2025-10-16T13:52:49+00:00\" \/>\n<meta name=\"twitter:card\" content=\"summary_large_image\" \/>\n<meta name=\"twitter:label1\" content=\"Dur\u00e9e de lecture est.\" \/>\n\t<meta name=\"twitter:data1\" content=\"1 minute\" \/>\n<script type=\"application\/ld+json\" class=\"yoast-schema-graph\">{\"@context\":\"https:\/\/schema.org\",\"@graph\":[{\"@type\":\"WebPage\",\"@id\":\"https:\/\/www.novotelbernexpo.ch\/fr\/chambre\/\",\"url\":\"https:\/\/www.novotelbernexpo.ch\/fr\/chambre\/\",\"name\":\"Chambre - Novotel Bern Expo\",\"isPartOf\":{\"@id\":\"https:\/\/www.novotelbernexpo.ch\/#website\"},\"datePublished\":\"2024-03-08T15:33:27+00:00\",\"dateModified\":\"2025-10-16T13:52:49+00:00\",\"description\":\"Chambres modernes et spacieuses, modulables selon vos besoins. Confort id\u00e9al pour s\u00e9jour affaires ou famille \u00e0 Bern.\",\"breadcrumb\":{\"@id\":\"https:\/\/www.novotelbernexpo.ch\/fr\/chambre\/#breadcrumb\"},\"inLanguage\":\"fr-FR\",\"potentialAction\":[{\"@type\":\"ReadAction\",\"target\":[\"https:\/\/www.novotelbernexpo.ch\/fr\/chambre\/\"]}]},{\"@type\":\"BreadcrumbList\",\"@id\":\"https:\/\/www.novotelbernexpo.ch\/fr\/chambre\/#breadcrumb\",\"itemListElement\":[{\"@type\":\"ListItem\",\"position\":1,\"name\":\"Accueil\",\"item\":\"https:\/\/www.novotelbernexpo.ch\/fr\/\"},{\"@type\":\"ListItem\",\"position\":2,\"name\":\"Chambre\"}]},{\"@type\":\"WebSite\",\"@id\":\"https:\/\/www.novotelbernexpo.ch\/#website\",\"url\":\"https:\/\/www.novotelbernexpo.ch\/\",\"name\":\"Novotel Bern Expo\",\"description\":\"\",\"potentialAction\":[{\"@type\":\"SearchAction\",\"target\":{\"@type\":\"EntryPoint\",\"urlTemplate\":\"https:\/\/www.novotelbernexpo.ch\/?s={search_term_string}\"},\"query-input\":{\"@type\":\"PropertyValueSpecification\",\"valueRequired\":true,\"valueName\":\"search_term_string\"}}],\"inLanguage\":\"fr-FR\"}]}<\/script>\n<!-- \/ Yoast SEO plugin. -->","yoast_head_json":{"title":"Chambre - Novotel Bern Expo","description":"Chambres modernes et spacieuses, modulables selon vos besoins. Confort id\u00e9al pour s\u00e9jour affaires ou famille \u00e0 Bern.","robots":{"index":"index","follow":"follow","max-snippet":"max-snippet:-1","max-image-preview":"max-image-preview:large","max-video-preview":"max-video-preview:-1"},"canonical":"https:\/\/www.novotelbernexpo.ch\/fr\/chambre\/","og_locale":"fr_FR","og_type":"article","og_title":"Chambre - Novotel Bern Expo","og_description":"Chambres modernes et spacieuses, modulables selon vos besoins. Confort id\u00e9al pour s\u00e9jour affaires ou famille \u00e0 Bern.","og_url":"https:\/\/www.novotelbernexpo.ch\/fr\/chambre\/","og_site_name":"Novotel Bern Expo","article_publisher":"https:\/\/www.facebook.com\/novotelbern\/","article_modified_time":"2025-10-16T13:52:49+00:00","twitter_card":"summary_large_image","twitter_misc":{"Dur\u00e9e de lecture est.":"1 minute"},"schema":{"@context":"https:\/\/schema.org","@graph":[{"@type":"WebPage","@id":"https:\/\/www.novotelbernexpo.ch\/fr\/chambre\/","url":"https:\/\/www.novotelbernexpo.ch\/fr\/chambre\/","name":"Chambre - Novotel Bern Expo","isPartOf":{"@id":"https:\/\/www.novotelbernexpo.ch\/#website"},"datePublished":"2024-03-08T15:33:27+00:00","dateModified":"2025-10-16T13:52:49+00:00","description":"Chambres modernes et spacieuses, modulables selon vos besoins. Confort id\u00e9al pour s\u00e9jour affaires ou famille \u00e0 Bern.","breadcrumb":{"@id":"https:\/\/www.novotelbernexpo.ch\/fr\/chambre\/#breadcrumb"},"inLanguage":"fr-FR","potentialAction":[{"@type":"ReadAction","target":["https:\/\/www.novotelbernexpo.ch\/fr\/chambre\/"]}]},{"@type":"BreadcrumbList","@id":"https:\/\/www.novotelbernexpo.ch\/fr\/chambre\/#breadcrumb","itemListElement":[{"@type":"ListItem","position":1,"name":"Accueil","item":"https:\/\/www.novotelbernexpo.ch\/fr\/"},{"@type":"ListItem","position":2,"name":"Chambre"}]},{"@type":"WebSite","@id":"https:\/\/www.novotelbernexpo.ch\/#website","url":"https:\/\/www.novotelbernexpo.ch\/","name":"Novotel Bern Expo","description":"","potentialAction":[{"@type":"SearchAction","target":{"@type":"EntryPoint","urlTemplate":"https:\/\/www.novotelbernexpo.ch\/?s={search_term_string}"},"query-input":{"@type":"PropertyValueSpecification","valueRequired":true,"valueName":"search_term_string"}}],"inLanguage":"fr-FR"}]}},"_links":{"self":[{"href":"https:\/\/www.novotelbernexpo.ch\/fr\/wp-json\/wp\/v2\/pages\/533","targetHints":{"allow":["GET"]}}],"collection":[{"href":"https:\/\/www.novotelbernexpo.ch\/fr\/wp-json\/wp\/v2\/pages"}],"about":[{"href":"https:\/\/www.novotelbernexpo.ch\/fr\/wp-json\/wp\/v2\/types\/page"}],"author":[{"embeddable":true,"href":"https:\/\/www.novotelbernexpo.ch\/fr\/wp-json\/wp\/v2\/users\/118"}],"replies":[{"embeddable":true,"href":"https:\/\/www.novotelbernexpo.ch\/fr\/wp-json\/wp\/v2\/comments?post=533"}],"version-history":[{"count":0,"href":"https:\/\/www.novotelbernexpo.ch\/fr\/wp-json\/wp\/v2\/pages\/533\/revisions"}],"wp:attachment":[{"href":"https:\/\/www.novotelbernexpo.ch\/fr\/wp-json\/wp\/v2\/media?parent=533"}],"wp:term":[{"taxonomy":"category","embeddable":true,"href":"https:\/\/www.novotelbernexpo.ch\/fr\/wp-json\/wp\/v2\/categories?post=533"}],"curies":[{"name":"wp","href":"https:\/\/api.w.org\/{rel}","templated":true}]}}

<p style="text-align: center">Notre gamme variée de catégories de chambres répond aux besoins de chaque client.</p>
<p style="text-align: center">Vous prévoyez une visite en groupe ou souhaitez organiser un événement chez nous ?<br data-start="255" data-end="258" />Grâce au lien ci-dessous, vous pouvez facilement faire votre demande de réservation en ligne – nous nous occupons du reste :</p>
<p style="text-align: center"><a href="https://bern-expo.backyou.app/fr/c/request/novotel-bern-expo">formulaire de réservation</a></p>

<p>Notre gamme variée de catégories de chambres répond aux besoins de chaque client. Vous prévoyez une visite en groupe ou souhaitez organiser un événement chez nous ?Grâce au lien ci-dessous, vous pouvez facilement faire votre demande de réservation en ligne – nous nous occupons du reste : formulaire de réservation</p>

<!-- This site is optimized with the Yoast SEO plugin v26.9 - https://yoast.com/product/yoast-seo-wordpress/ -->
<title>Chambre - Novotel Bern Expo</title>
<meta name="description" content="Chambres modernes et spacieuses, modulables selon vos besoins. Confort idéal pour séjour affaires ou famille à Bern." />
<meta name="robots" content="index, follow, max-snippet:-1, max-image-preview:large, max-video-preview:-1" />
<link rel="canonical" href="https://www.novotelbernexpo.ch/fr/chambre/" />
<meta property="og:locale" content="fr_FR" />
<meta property="og:type" content="article" />
<meta property="og:title" content="Chambre - Novotel Bern Expo" />
<meta property="og:description" content="Chambres modernes et spacieuses, modulables selon vos besoins. Confort idéal pour séjour affaires ou famille à Bern." />
<meta property="og:url" content="https://www.novotelbernexpo.ch/fr/chambre/" />
<meta property="og:site_name" content="Novotel Bern Expo" />
<meta property="article:publisher" content="https://www.facebook.com/novotelbern/" />
<meta property="article:modified_time" content="2025-10-16T13:52:49+00:00" />
<meta name="twitter:card" content="summary_large_image" />
<meta name="twitter:label1" content="Durée de lecture est." />
	<meta name="twitter:data1" content="1 minute" />
<script type="application/ld+json" class="yoast-schema-graph">{"@context":"https://schema.org","@graph":[{"@type":"WebPage","@id":"https://www.novotelbernexpo.ch/fr/chambre/","url":"https://www.novotelbernexpo.ch/fr/chambre/","name":"Chambre - Novotel Bern Expo","isPartOf":{"@id":"https://www.novotelbernexpo.ch/#website"},"datePublished":"2024-03-08T15:33:27+00:00","dateModified":"2025-10-16T13:52:49+00:00","description":"Chambres modernes et spacieuses, modulables selon vos besoins. Confort idéal pour séjour affaires ou famille à Bern.","breadcrumb":{"@id":"https://www.novotelbernexpo.ch/fr/chambre/#breadcrumb"},"inLanguage":"fr-FR","potentialAction":[{"@type":"ReadAction","target":["https://www.novotelbernexpo.ch/fr/chambre/"]}]},{"@type":"BreadcrumbList","@id":"https://www.novotelbernexpo.ch/fr/chambre/#breadcrumb","itemListElement":[{"@type":"ListItem","position":1,"name":"Accueil","item":"https://www.novotelbernexpo.ch/fr/"},{"@type":"ListItem","position":2,"name":"Chambre"}]},{"@type":"WebSite","@id":"https://www.novotelbernexpo.ch/#website","url":"https://www.novotelbernexpo.ch/","name":"Novotel Bern Expo","description":"","potentialAction":[{"@type":"SearchAction","target":{"@type":"EntryPoint","urlTemplate":"https://www.novotelbernexpo.ch/?s={search_term_string}"},"query-input":{"@type":"PropertyValueSpecification","valueRequired":true,"valueName":"search_term_string"}}],"inLanguage":"fr-FR"}]}</script>
<!-- / Yoast SEO plugin. -->

Chambres modernes et spacieuses, modulables selon vos besoins. Confort idéal pour séjour affaires ou famille à Bern.
