{"id":542,"date":"2024-03-08T16:54:50","date_gmt":"2024-03-08T15:54:50","guid":{"rendered":"https:\/\/novotel-bern-expo.accorv2prod.decms.eu\/die-zimmer\/exekutive-zimmer\/"},"modified":"2025-07-10T11:19:39","modified_gmt":"2025-07-10T09:19:39","slug":"chambre-executive","status":"publish","type":"page","link":"https:\/\/www.novotelbernexpo.ch\/fr\/chambre\/chambre-executive\/","title":{"rendered":"CHAMBRE EX\u00c9CUTIVE"},"content":{"rendered":"<p>Nos chambres Executive b\u00e9n\u00e9ficient d&rsquo;un emplacement privil\u00e9gi\u00e9 aux 8e et 9e \u00e9tages avec vue imprenable sur Berne. Elles comprennent tous les \u00e9quipements de la chambre Superior, enrichis d&rsquo;une machine \u00e0 caf\u00e9 Nespresso et d&rsquo;un minibar inclus. Le parking et un bon d&rsquo;accueil pour une boisson au bar sont inclus dans le tarif. Capacit\u00e9 : 3 personnes. Id\u00e9ales pour vos s\u00e9jours d&rsquo;affaires ou de d\u00e9tente.<\/p>\n","protected":false},"excerpt":{"rendered":"<p>Nos chambres Executive b\u00e9n\u00e9ficient d&rsquo;un emplacement privil\u00e9gi\u00e9 aux 8e et 9e \u00e9tages avec vue imprenable sur Berne. Elles comprennent tous les \u00e9quipements de la chambre Superior, enrichis d&rsquo;une machine \u00e0 caf\u00e9 Nespresso et d&rsquo;un minibar inclus. Le parking et un bon d&rsquo;accueil pour une boisson au bar sont inclus dans le tarif. Capacit\u00e9 : 3 [&hellip;]<\/p>\n","protected":false},"author":118,"featured_media":0,"parent":533,"menu_order":13,"comment_status":"closed","ping_status":"closed","template":"template-room.php","meta":{"footnotes":""},"categories":[],"class_list":["post-542","page","type-page","status-publish","hentry"],"acf":[],"yoast_head":"<!-- This site is optimized with the Yoast SEO plugin v26.9 - https:\/\/yoast.com\/product\/yoast-seo-wordpress\/ -->\n<title>CHAMBRE EX\u00c9CUTIVE - Novotel Bern Expo<\/title>\n<meta name=\"description\" content=\"Chambres Ex\u00e9cutive avec vue, Nespresso, minibar et parking inclus. Id\u00e9al pour 3 personnes au Novotel Bern Expo, h\u00f4tel business \u00e0 Berne.\" \/>\n<meta name=\"robots\" content=\"index, follow, max-snippet:-1, max-image-preview:large, max-video-preview:-1\" \/>\n<link rel=\"canonical\" href=\"https:\/\/www.novotelbernexpo.ch\/fr\/chambre\/chambre-executive\/\" \/>\n<meta property=\"og:locale\" content=\"fr_FR\" \/>\n<meta property=\"og:type\" content=\"article\" \/>\n<meta property=\"og:title\" content=\"CHAMBRE EX\u00c9CUTIVE - Novotel Bern Expo\" \/>\n<meta property=\"og:description\" content=\"Chambres Ex\u00e9cutive avec vue, Nespresso, minibar et parking inclus. Id\u00e9al pour 3 personnes au Novotel Bern Expo, h\u00f4tel business \u00e0 Berne.\" \/>\n<meta property=\"og:url\" content=\"https:\/\/www.novotelbernexpo.ch\/fr\/chambre\/chambre-executive\/\" \/>\n<meta property=\"og:site_name\" content=\"Novotel Bern Expo\" \/>\n<meta property=\"article:publisher\" content=\"https:\/\/www.facebook.com\/novotelbern\/\" \/>\n<meta property=\"article:modified_time\" content=\"2025-07-10T09:19:39+00:00\" \/>\n<meta name=\"twitter:card\" content=\"summary_large_image\" \/>\n<meta name=\"twitter:label1\" content=\"Dur\u00e9e de lecture est.\" \/>\n\t<meta name=\"twitter:data1\" content=\"1 minute\" \/>\n<script type=\"application\/ld+json\" class=\"yoast-schema-graph\">{\"@context\":\"https:\/\/schema.org\",\"@graph\":[{\"@type\":\"WebPage\",\"@id\":\"https:\/\/www.novotelbernexpo.ch\/fr\/chambre\/chambre-executive\/\",\"url\":\"https:\/\/www.novotelbernexpo.ch\/fr\/chambre\/chambre-executive\/\",\"name\":\"CHAMBRE EX\u00c9CUTIVE - Novotel Bern Expo\",\"isPartOf\":{\"@id\":\"https:\/\/www.novotelbernexpo.ch\/#website\"},\"datePublished\":\"2024-03-08T15:54:50+00:00\",\"dateModified\":\"2025-07-10T09:19:39+00:00\",\"description\":\"Chambres Ex\u00e9cutive avec vue, Nespresso, minibar et parking inclus. Id\u00e9al pour 3 personnes au Novotel Bern Expo, h\u00f4tel business \u00e0 Berne.\",\"breadcrumb\":{\"@id\":\"https:\/\/www.novotelbernexpo.ch\/fr\/chambre\/chambre-executive\/#breadcrumb\"},\"inLanguage\":\"fr-FR\",\"potentialAction\":[{\"@type\":\"ReadAction\",\"target\":[\"https:\/\/www.novotelbernexpo.ch\/fr\/chambre\/chambre-executive\/\"]}]},{\"@type\":\"BreadcrumbList\",\"@id\":\"https:\/\/www.novotelbernexpo.ch\/fr\/chambre\/chambre-executive\/#breadcrumb\",\"itemListElement\":[{\"@type\":\"ListItem\",\"position\":1,\"name\":\"Accueil\",\"item\":\"https:\/\/www.novotelbernexpo.ch\/fr\/\"},{\"@type\":\"ListItem\",\"position\":2,\"name\":\"Chambre\",\"item\":\"https:\/\/www.novotelbernexpo.ch\/fr\/chambre\/\"},{\"@type\":\"ListItem\",\"position\":3,\"name\":\"CHAMBRE EX\u00c9CUTIVE\"}]},{\"@type\":\"WebSite\",\"@id\":\"https:\/\/www.novotelbernexpo.ch\/#website\",\"url\":\"https:\/\/www.novotelbernexpo.ch\/\",\"name\":\"Novotel Bern Expo\",\"description\":\"\",\"potentialAction\":[{\"@type\":\"SearchAction\",\"target\":{\"@type\":\"EntryPoint\",\"urlTemplate\":\"https:\/\/www.novotelbernexpo.ch\/?s={search_term_string}\"},\"query-input\":{\"@type\":\"PropertyValueSpecification\",\"valueRequired\":true,\"valueName\":\"search_term_string\"}}],\"inLanguage\":\"fr-FR\"}]}<\/script>\n<!-- \/ Yoast SEO plugin. -->","yoast_head_json":{"title":"CHAMBRE EX\u00c9CUTIVE - Novotel Bern Expo","description":"Chambres Ex\u00e9cutive avec vue, Nespresso, minibar et parking inclus. Id\u00e9al pour 3 personnes au Novotel Bern Expo, h\u00f4tel business \u00e0 Berne.","robots":{"index":"index","follow":"follow","max-snippet":"max-snippet:-1","max-image-preview":"max-image-preview:large","max-video-preview":"max-video-preview:-1"},"canonical":"https:\/\/www.novotelbernexpo.ch\/fr\/chambre\/chambre-executive\/","og_locale":"fr_FR","og_type":"article","og_title":"CHAMBRE EX\u00c9CUTIVE - Novotel Bern Expo","og_description":"Chambres Ex\u00e9cutive avec vue, Nespresso, minibar et parking inclus. Id\u00e9al pour 3 personnes au Novotel Bern Expo, h\u00f4tel business \u00e0 Berne.","og_url":"https:\/\/www.novotelbernexpo.ch\/fr\/chambre\/chambre-executive\/","og_site_name":"Novotel Bern Expo","article_publisher":"https:\/\/www.facebook.com\/novotelbern\/","article_modified_time":"2025-07-10T09:19:39+00:00","twitter_card":"summary_large_image","twitter_misc":{"Dur\u00e9e de lecture est.":"1 minute"},"schema":{"@context":"https:\/\/schema.org","@graph":[{"@type":"WebPage","@id":"https:\/\/www.novotelbernexpo.ch\/fr\/chambre\/chambre-executive\/","url":"https:\/\/www.novotelbernexpo.ch\/fr\/chambre\/chambre-executive\/","name":"CHAMBRE EX\u00c9CUTIVE - Novotel Bern Expo","isPartOf":{"@id":"https:\/\/www.novotelbernexpo.ch\/#website"},"datePublished":"2024-03-08T15:54:50+00:00","dateModified":"2025-07-10T09:19:39+00:00","description":"Chambres Ex\u00e9cutive avec vue, Nespresso, minibar et parking inclus. Id\u00e9al pour 3 personnes au Novotel Bern Expo, h\u00f4tel business \u00e0 Berne.","breadcrumb":{"@id":"https:\/\/www.novotelbernexpo.ch\/fr\/chambre\/chambre-executive\/#breadcrumb"},"inLanguage":"fr-FR","potentialAction":[{"@type":"ReadAction","target":["https:\/\/www.novotelbernexpo.ch\/fr\/chambre\/chambre-executive\/"]}]},{"@type":"BreadcrumbList","@id":"https:\/\/www.novotelbernexpo.ch\/fr\/chambre\/chambre-executive\/#breadcrumb","itemListElement":[{"@type":"ListItem","position":1,"name":"Accueil","item":"https:\/\/www.novotelbernexpo.ch\/fr\/"},{"@type":"ListItem","position":2,"name":"Chambre","item":"https:\/\/www.novotelbernexpo.ch\/fr\/chambre\/"},{"@type":"ListItem","position":3,"name":"CHAMBRE EX\u00c9CUTIVE"}]},{"@type":"WebSite","@id":"https:\/\/www.novotelbernexpo.ch\/#website","url":"https:\/\/www.novotelbernexpo.ch\/","name":"Novotel Bern Expo","description":"","potentialAction":[{"@type":"SearchAction","target":{"@type":"EntryPoint","urlTemplate":"https:\/\/www.novotelbernexpo.ch\/?s={search_term_string}"},"query-input":{"@type":"PropertyValueSpecification","valueRequired":true,"valueName":"search_term_string"}}],"inLanguage":"fr-FR"}]}},"_links":{"self":[{"href":"https:\/\/www.novotelbernexpo.ch\/fr\/wp-json\/wp\/v2\/pages\/542","targetHints":{"allow":["GET"]}}],"collection":[{"href":"https:\/\/www.novotelbernexpo.ch\/fr\/wp-json\/wp\/v2\/pages"}],"about":[{"href":"https:\/\/www.novotelbernexpo.ch\/fr\/wp-json\/wp\/v2\/types\/page"}],"author":[{"embeddable":true,"href":"https:\/\/www.novotelbernexpo.ch\/fr\/wp-json\/wp\/v2\/users\/118"}],"replies":[{"embeddable":true,"href":"https:\/\/www.novotelbernexpo.ch\/fr\/wp-json\/wp\/v2\/comments?post=542"}],"version-history":[{"count":0,"href":"https:\/\/www.novotelbernexpo.ch\/fr\/wp-json\/wp\/v2\/pages\/542\/revisions"}],"up":[{"embeddable":true,"href":"https:\/\/www.novotelbernexpo.ch\/fr\/wp-json\/wp\/v2\/pages\/533"}],"wp:attachment":[{"href":"https:\/\/www.novotelbernexpo.ch\/fr\/wp-json\/wp\/v2\/media?parent=542"}],"wp:term":[{"taxonomy":"category","embeddable":true,"href":"https:\/\/www.novotelbernexpo.ch\/fr\/wp-json\/wp\/v2\/categories?post=542"}],"curies":[{"name":"wp","href":"https:\/\/api.w.org\/{rel}","templated":true}]}}

CHAMBRE EXÉCUTIVE

<p>Nos chambres Executive bénéficient d&rsquo;un emplacement privilégié aux 8e et 9e étages avec vue imprenable sur Berne. Elles comprennent tous les équipements de la chambre Superior, enrichis d&rsquo;une machine à café Nespresso et d&rsquo;un minibar inclus. Le parking et un bon d&rsquo;accueil pour une boisson au bar sont inclus dans le tarif. Capacité : 3 personnes. Idéales pour vos séjours d&rsquo;affaires ou de détente.</p>

<p>Nos chambres Executive bénéficient d&rsquo;un emplacement privilégié aux 8e et 9e étages avec vue imprenable sur Berne. Elles comprennent tous les équipements de la chambre Superior, enrichis d&rsquo;une machine à café Nespresso et d&rsquo;un minibar inclus. Le parking et un bon d&rsquo;accueil pour une boisson au bar sont inclus dans le tarif. Capacité : 3 [&hellip;]</p>

<!-- This site is optimized with the Yoast SEO plugin v26.9 - https://yoast.com/product/yoast-seo-wordpress/ -->
<title>CHAMBRE EXÉCUTIVE - Novotel Bern Expo</title>
<meta name="description" content="Chambres Exécutive avec vue, Nespresso, minibar et parking inclus. Idéal pour 3 personnes au Novotel Bern Expo, hôtel business à Berne." />
<meta name="robots" content="index, follow, max-snippet:-1, max-image-preview:large, max-video-preview:-1" />
<link rel="canonical" href="https://www.novotelbernexpo.ch/fr/chambre/chambre-executive/" />
<meta property="og:locale" content="fr_FR" />
<meta property="og:type" content="article" />
<meta property="og:title" content="CHAMBRE EXÉCUTIVE - Novotel Bern Expo" />
<meta property="og:description" content="Chambres Exécutive avec vue, Nespresso, minibar et parking inclus. Idéal pour 3 personnes au Novotel Bern Expo, hôtel business à Berne." />
<meta property="og:url" content="https://www.novotelbernexpo.ch/fr/chambre/chambre-executive/" />
<meta property="og:site_name" content="Novotel Bern Expo" />
<meta property="article:publisher" content="https://www.facebook.com/novotelbern/" />
<meta property="article:modified_time" content="2025-07-10T09:19:39+00:00" />
<meta name="twitter:card" content="summary_large_image" />
<meta name="twitter:label1" content="Durée de lecture est." />
	<meta name="twitter:data1" content="1 minute" />
<script type="application/ld+json" class="yoast-schema-graph">{"@context":"https://schema.org","@graph":[{"@type":"WebPage","@id":"https://www.novotelbernexpo.ch/fr/chambre/chambre-executive/","url":"https://www.novotelbernexpo.ch/fr/chambre/chambre-executive/","name":"CHAMBRE EXÉCUTIVE - Novotel Bern Expo","isPartOf":{"@id":"https://www.novotelbernexpo.ch/#website"},"datePublished":"2024-03-08T15:54:50+00:00","dateModified":"2025-07-10T09:19:39+00:00","description":"Chambres Exécutive avec vue, Nespresso, minibar et parking inclus. Idéal pour 3 personnes au Novotel Bern Expo, hôtel business à Berne.","breadcrumb":{"@id":"https://www.novotelbernexpo.ch/fr/chambre/chambre-executive/#breadcrumb"},"inLanguage":"fr-FR","potentialAction":[{"@type":"ReadAction","target":["https://www.novotelbernexpo.ch/fr/chambre/chambre-executive/"]}]},{"@type":"BreadcrumbList","@id":"https://www.novotelbernexpo.ch/fr/chambre/chambre-executive/#breadcrumb","itemListElement":[{"@type":"ListItem","position":1,"name":"Accueil","item":"https://www.novotelbernexpo.ch/fr/"},{"@type":"ListItem","position":2,"name":"Chambre","item":"https://www.novotelbernexpo.ch/fr/chambre/"},{"@type":"ListItem","position":3,"name":"CHAMBRE EXÉCUTIVE"}]},{"@type":"WebSite","@id":"https://www.novotelbernexpo.ch/#website","url":"https://www.novotelbernexpo.ch/","name":"Novotel Bern Expo","description":"","potentialAction":[{"@type":"SearchAction","target":{"@type":"EntryPoint","urlTemplate":"https://www.novotelbernexpo.ch/?s={search_term_string}"},"query-input":{"@type":"PropertyValueSpecification","valueRequired":true,"valueName":"search_term_string"}}],"inLanguage":"fr-FR"}]}</script>
<!-- / Yoast SEO plugin. -->

CHAMBRE EXÉCUTIVE - Novotel Bern Expo

Chambres Exécutive avec vue, Nespresso, minibar et parking inclus. Idéal pour 3 personnes au Novotel Bern Expo, hôtel business à Berne.
